(-40)*-5) composite?
True
Suppose -5*n + 4 = 2*c, -2*n + 7 = -0*c - c. Suppose -27903 = -n*x + o, 6*x - 55803 = 2*x - o. Is x a prime number?
False
Suppose 2*v - 5*v = -126. Suppose 4*i - v + 136 = 2*a, -5*i + 4*a - 122 = 0. Let x(h) = 7*h**2 + 2*h - 15. Is x(i) prime?
True
Let y be ((-3)/(-2))/(-1 + (-2)/(-4)). Is 2 + 2 + (4 + y)*12511 a composite number?
True
Let b(c) = 21*c**3 + 52*c**2 - c - 225. Is b(23) prime?
True
Let f = 493 - -123. Suppose f - 125 = -w + 5*p, -4*w - 5*p = 2014. Is w/(-6) + 6*1/4 a composite number?
True
Suppose -2*t = -4*r + 34, 4 = 2*r + 3*t - 25. Let o(b) = 45*b**2 - 46*b + 21. Is o(r) a composite number?
True
Let d be (-4)/(-8)*3411552/16. Suppose 12*t - d = 9*t. Is t a composite number?
False
Suppose -2641 = -4*t + 16547. Let l = t + -3038. Is l a prime number?
True
Suppose 5199921 + 10426045 = 99*j - 4195913. Is j prime?
False
Suppose -232*g + 2588614 = -218*g. Is g composite?
False
Suppose 0 = 4*i + 88081 - 2534405. Suppose 12*y - i = -17*y. Is y a composite number?
False
Let z(b) be the third derivative of 23/60*b**5 - 1/120*b**6 + 0 - 13/12*b**4 + 14*b**2 - 47/6*b**3 + 0*b. Is z(21) composite?
True
Suppose -235576967 - 232899618 = -145*d. Is d a composite number?
False
Let j(r) = r**3 - 4*r**2 - 14*r - 3. Let c be j(6). Let m(t) = -t**3 - 15*t**2 + 4*t - 18. Let z be m(c). Is (1 + -999)*(-7 - z/12) prime?
True
Suppose 5*m - 8562 = 38383. Let y = -5062 + m. Is y composite?
False
Let b(r) = r**3 - 13*r**2 - r + 15. Let w = -67 + 80. Let m be b(w). Suppose o - 5 = -0*o, -o + 273 = m*x. Is x a composite number?
True
Let a = 114 - 40. Let f(k) = a*k**2 + 3*k + k - 115 - 2*k + 114. Is f(2) prime?
False
Suppose 26448 = 5*n + 11*n. Let k = -704 + n. Is k a composite number?
True
Let z(x) = -2372*x - 91. Let a be z(4). Let q = -2461 - a. Is q a prime number?
False
Let i(d) = 94*d**3 - 2*d**2 - d. Let q be i(-2). Suppose -b + 9 = 3*w, 6*b = 8*b + 2*w - 10. Is ((-33)/6 - -4)*q/b a composite number?
False
Let g(o) = 10*o**2 + 10*o + 3. Let m(u) = -19*u**2 - 21*u - 6. Suppose 0 = 5*c + 50 - 75. Let p(f) = c*g(f) + 2*m(f). Is p(10) a prime number?
True
Let u(b) = -31*b + 56. Let n be u(-15). Let s = n + -298. Is s a prime number?
True
Let j = -402 + 209. Let d = j + 990. Is d a composite number?
False
Suppose -p = 3, -36637 + 6375 = -2*n - 2*p. Let b(s) = 135*s - 4721. Let t be b(35). Suppose 10*i + t*i - n = 0. Is i prime?
False
Is 16/((-320)/(-4178730))*(-2)/(-3) a composite number?
False
Let p be 0*(-4)/8*2. Suppose -5*y = -m - p*m - 698, m = 2. Suppose -142*x + 2082 = -y*x. Is x prime?
False
Suppose -493651 = 85*i - 88*i + 2*f, 164549 = i - 2*f. Is i prime?
False
Suppose -8126*k + 8106*k + 2675380 = 0. Is k a prime number?
True
Suppose 0*q - 56 = -7*q. Suppose -q*k + 49572 = k. Let t = 7825 - k. Is t prime?
False
Suppose 0 = 2*b + 2*i - 18, -4*b + 3*i + 2*i = 9. Suppose 3*j + v + 4 = 0, 3*j + b*v + 12 = v. Suppose -2*r = f - 1857, -f + 3*f - r - 3739 = j. Is f prime?
True
Suppose -5*q - 2*i = -30, 3*i - 15 = -5*q + 4*i. Suppose -q*g + 5*g + 2*o = 1659, 3*o = 5*g - 8269. Is g a prime number?
False
Let i(l) = -l**3 + 39*l**2 + 306*l + 83. Is i(37) a composite number?
False
Suppose 469 - 444 = -5*p. Is (26 - 6)/p + 195 prime?
True
Suppose 0 = 8*d + 21*d. Suppose 4*y = -3*b + 18974, d = -3*y + 23 - 26. Is b a prime number?
False
Let w(f) = 3240*f**3 + 12*f**2 - 8*f + 81. Is w(5) a composite number?
False
Suppose 4448 + 6524 = -4*g. Let v = g + 20256. Is v prime?
False
Let d(v) = 229*v**2 - 100*v + 78. Is d(29) a composite number?
False
Let o be ((-4)/(-6))/(-1) + 88/24. Suppose 5*g = -m + 57347, -2*g + o*m + 11141 = -11808. Let y = -6323 + g. Is y composite?
False
Let j be (-5 + (1 - 36))/(-1). Suppose j*w - 32*w - 61352 = 0. Is w prime?
True
Let x(c) = 307*c**3 + 81*c**2 + 4*c + 1. Is x(5) a prime number?
False
Suppose -4*m + 5*b + 1969528 = 0, 5*m = -b + 225477 + 2236404. Is m a prime number?
True
Let j be (66/99)/((-4)/18). Is (j/(-9))/((-69018)/69021 - -1) composite?
False
Let k = 695 + -667. Suppose -5440 = -4*b + 2*g, 26*g = 2*b + k*g - 2726. Is b prime?
True
Suppose 0 = 5*l - 2*t - 6645781, -35*l - 1329170 = -36*l + 5*t. Is l a composite number?
True
Let m be 4*(-15)/(-20)*4/3. Suppose 2*i = i - 2*z + 39, m*z + 8 = 0. Suppose 0 = 47*d - i*d - 508. Is d prime?
True
Let a = -65 + 65. Suppose a = -d + 2*z + 14, 27 = 3*d - d - 3*z. Suppose -5*j + 375 = 5*x, -4*x + 2*j + 336 = d. Is x composite?
False
Suppose n + 5*v = 62928, -3*n + 84449 + 104367 = -v. Is n composite?
True
Let p be 1/((-5)/(-148)) - 10/(-25). Is 4214 + p*(-1)/36*-6 a prime number?
True
Let i be 197*-7 + (23 - 27). Let v = -544 - i. Is v a composite number?
False
Suppose 58*s - 385415 = 53*s. Is s composite?
True
Suppose -3*x = 3*h - 1638660, 4*h + 221095 = -2*x + 1313541. Is x a prime number?
False
Let j(c) = -c**2 + 5*c + 1. Let l be j(4). Suppose -5*b - 104 = -r, l*r - 5*b = r + 416. Suppose 3*q - 2*z = r + 1, q - 28 = 3*z. Is q composite?
False
Let m be (6 + -4)*(-14)/4. Is (m - (-5358)/(-12))*-6 a composite number?
True
Suppose 10*k + 15 = 5. Let l be -47 + 1 - -1 - k. Let b = 51 + l. Is b prime?
True
Let u(s) = 756*s**2 - 106*s + 9. Is u(10) composite?
True
Suppose 7*m + 19 = 33. Is 1015 + (0 - m - -6) a prime number?
True
Suppose 272*o - 283*o + 1990067 = -2434980. Is o a prime number?
True
Let a = 28 + -23. Suppose 5 = 2*h + 5*w - 0, -3*h + a = 5*w. Suppose h = 2*x + x - 1887. Is x a prime number?
False
Let l(r) = r**3 - 17*r**2 - r + 17. Let h be l(17). Suppose -5*f + 36440 = 5*g, 2*g - 3*f - 14596 = -h*g. Suppose -9*j + 13*j = g. Is j prime?
True
Let a(c) = -147*c + 2. Suppose -14 - 83 = 2*x - g, 15 = -5*g. Let h = x - -49. Is a(h) a prime number?
True
Suppose 3055662 = 4896*k - 4878*k. Is k prime?
False
Let x = 97432 + -40658. Is x a composite number?
True
Let g = 28281 + -9950. Is g a prime number?
False
Suppose 5*b - 5*u + 275 = 0, -b + 2*b - 4*u + 49 = 0. Let x = b + 54. Is (2/(-4))/(x/13998) composite?
False
Suppose 5*f - 20616690 = 100*u - 105*u, -4*f + 3*u = -16493387. Is f a prime number?
False
Let y(f) = f**2 - 11*f + 8. Let t be y(7). Let b be t/16*(-2 + -7 - -1). Is ((-30)/(-6))/b + 253/2 prime?
True
Is 6/(-24) + 21*(-1050136)/(-96) a composite number?
False
Let o = 206 - 190. Suppose -2127 = 13*l - o*l. Is l prime?
True
Let j(o) = -o**3 - 2*o**2 + 5*o - 71. Is j(-16) composite?
False
Suppose 0 = -16*y + 554 - 10. Suppose y*l = 33*l + 3641. Is l a prime number?
False
Is 21064 - (-17 + 50/5) prime?
False
Suppose 15 = -2*i - 3*i. Let d be -3 + -1077 - ((-12)/i - 0). Let t = -491 - d. Is t a prime number?
True
Suppose 36 = 2*j - 5*q, -4*j + 3*q - 5 = -49. Let g(p) = 105*p**2 - 31*p + 239. Is g(j) a composite number?
True
Suppose 7*g = 8*g + 5*p - 338649, -5*g - p = -1693341. Is g a prime number?
True
Let s = 10727 - 3974. Is s a composite number?
True
Suppose -679944 = -25*m + 22*m + 61959. Is m composite?
False
Let v(c) = 6*c**2 - 39*c + 32. Let i be (-108)/(-42) + (-3)/(-7). Suppose k + 0*q = -i*q + 42, -k - q + 32 = 0. Is v(k) prime?
False
Suppose 5*i + 36 = -i. Let d(l) = -16*l**2 + 7*l + 24. Let g(a) = -17*a**2 + 7*a + 23. Let v(m) = -6*d(m) + 5*g(m). Is v(i) composite?
False
Let p = -3174 - -9755. Is p a prime number?
True
Suppose 104*w - 8 = 106*w. Is (-31)/(w*8/2144) a prime number?
False
Suppose -2*z - 5*v = -3*z + 47, -5*z = -3*v - 191. Let i = -34 + z. Suppose -2*l + 2443 = i*k, -2*k + 5*l + 1654 = -0*l. Is k a prime number?
False
Suppose -q + 398630 = 2*z, 3*z - 2875*q = -2880*q + 597945. Is z prime?
False
Let g(i) = 2*i**2 - 19*i - 1. Let l be g(9). Let k(s) = -s**3 - 7*s**2 - 4*s + 39. Is k(l) a prime number?
True
Is (-2418000)/(-22) - (-108)/(-1188) a composite number?
True
Let w(m) = -31*m - 150. Let x be w(-5). Is x + 1 - (-23 - 8952) prime?
False
Let v = -68 - -70. Suppose -u + 3 = v*u. Is 212 + 0 - (u + 0) a prime number?
True
Suppose -5*a - 194 + 104 = 0. Let u = a - -277. Is u prime?
False
Is (31/(-62))/(1 - 367749/367746) a composite number?
False
Is (-3 + 5)*(-7)/14 + 275550 composite?
False
Suppose 35*q - 24*q = 182*q - 52353531. Is q composite?
True
Let b(p) = p**2 + 2*p + 2. Let a be b(0). Suppose -a*j = -1060 - 418. Is j prime?
True
Let l(w) = 16*w**3 + 28*w - 29*w + 8 - 2*w**2 - 50*w**3. Is l(-5) composit